445784.
2, 29, 195887
List the prime factors of 364184730.
2, 3, 5, 7, 13, 53, 839
List the prime factors of 250441995.
3, 5, 89, 187597
What are the prime factors of 284828741?
284828741
What are the prime factors of 129846039?
3, 457, 94709
What are the prime factors of 309220962?
2, 3, 1283, 40169
List the prime factors of 138773396.
2, 34693349
What are the prime factors of 597230567?
83, 7195549
What are the prime factors of 104596999?
13, 8045923
List the prime factors of 273873633.
3, 11, 643, 12907
What are the prime factors of 2001098291?
293, 6829687
What are the prime factors of 106274083?
106274083
What are the prime factors of 199736315?
5, 17, 523, 4493
What are the prime factors of 1378464206?
2, 7, 79, 1246351
What are the prime factors of 5631802526?
2, 7, 3851, 104459
List the prime factors of 84709501.
84709501
What are the prime factors of 17569462?
2, 8784731
List the prime factors of 868404750.
2, 3, 5, 1157873
What are the prime factors of 2269793681?
31, 223, 313, 1049
List the prime factors of 83859536.
2, 439, 11939
List the prime factors of 114654016.
2, 829, 2161
What are the prime factors of 543393996?
2, 3, 19, 29, 82183
List the prime factors of 988286818.
2, 101, 257, 19037
What are the prime factors of 29916893?
29, 35573
List the prime factors of 377742712.
2, 257, 269, 683
What are the prime factors of 93646363?
23, 79, 51539
What are the prime factors of 378127467?
3, 1381, 10141
List the prime factors of 14796822.
2, 3, 47, 137, 383
What are the prime factors of 101647622?
2, 2621, 19391
What are the prime factors of 1931028318?
2, 3, 107279351
What are the prime factors of 5628535505?
5, 23, 48943787
What are the prime factors of 22094787?
3, 11, 13, 51503
List the prime factors of 632179131.
3, 1753, 120209
What are the prime factors of 706152591?
3, 78461399
What are the prime factors of 902901?
3, 300967
List the prime factors of 518636741.
7, 193, 383891
List the prime factors of 78120461.
29, 227, 11867
What are the prime factors of 4751210074?
2, 13, 182738849
List the prime factors of 1229525360.
2, 5, 7, 2195581
List the prime factors of 62650526.
2, 359, 87257
What are the prime factors of 3389012671?
11, 23, 13395307
What are the prime factors of 2327391557?
31, 3061, 24527
List the prime factors of 593765236.
2, 3307, 44887
What are the prime factors of 371689092?
2, 3, 113, 91369
List the prime factors of 100215464.
2, 3203, 3911
What are the prime factors of 43676134?
2, 53, 412039
List the prime factors of 3511516976.
2, 11, 19951801
List the prime factors of 21458796.
2, 3, 389, 4597
What are the prime factors of 108465032?
2, 13, 17, 31, 1979
What are the prime factors of 989918976?
2, 3, 17, 75821
What are the prime factors of 1815568118?
2, 7, 13, 2851, 3499
List the prime factors of 5955958900.
2, 5, 1627, 36607
What are the prime factors of 1392868215?
3, 5, 1787, 17321
List the prime factors of 62985642.
2, 3, 10497607
List the prime factors of 65147862.
2, 3, 13, 29, 83, 347
What are the prime factors of 136846193?
11, 59, 210857
List the prime factors of 98407310.
2, 5, 9840731
List the prime factors of 1975919648.
2, 61747489
List the prime factors of 2102300286.
2, 3, 677, 517553
List the prime factors of 607338484.
2, 31, 4897891
List the prime factors of 3084509284.
2, 67, 2251, 5113
List the prime factors of 554538412.
2, 138634603
What are the prime factors of 197189666?
2, 98594833
What are the prime factors of 309533793?
3, 23, 4485997
List the prime factors of 9764758.
2, 61, 80039
List the prime factors of 93446435.
5, 18689287
What are the prime factors of 1331697456?
2, 3, 409, 7537
What are the prime factors of 135085480?
2, 5, 29, 101, 1153
What are the prime factors of 1020656236?
2, 255164059
List the prime factors of 85016045.
5, 17003209
What are the prime factors of 17524910?
2, 5, 13, 134807
What are the prime factors of 108498772?
2, 27124693
List the prime factors of 38476180.
2, 5, 383, 5023
List the prime factors of 396172396.
2, 5669, 17471
What are the prime factors of 40948054?
2, 7, 2924861
List the prime factors of 1829325522.
2, 3, 43, 67, 97, 1091
What are the prime factors of 915385439?
19, 37, 263, 4951
List the prime factors of 36241526.
2, 4159, 4357
List the prime factors of 69234217.
13, 17, 523, 599
List the prime factors of 497906020.
2, 5, 19, 1310279
List the prime factors of 2347675602.
2, 3, 6133, 63799
List the prime factors of 2000034706.
2, 29, 3251, 10607
List the prime factors of 301966600.
2, 5, 13, 116141
List the prime factors of 6478893.
3, 23, 10433
What are the prime factors of 981103003?
1423, 689461
List the prime factors of 550091533.
550091533
List the prime factors of 43891757.
7, 13, 61, 7907
List the prime factors of 1325513647.
17, 59, 1321549
What are the prime factors of 21047656?
2, 7, 53693
List the prime factors of 460010889.
3, 13, 409, 9613
List the prime factors of 811970047.
7, 115995721
List the prime factors of 774020121.
3, 7, 29, 31, 5857
List the prime factors of 71208425.
5, 2848337
What are the prime factors of 647731716?
2, 3, 4801, 11243
List the prime factors of 22927922.
2, 29, 395309
What are the prime factors of 628144375?
5, 23, 37, 1181
What are the prime factors of 61930753?
61930753
What are the prime factors of 116840004?
2, 3, 73, 133379
What are the prime factors of 169895586?
2, 3, 7, 17, 13997
What are the prime factors of 48573790?
2, 5, 1453, 3343
What are the prime factors of 657982254?
2, 3, 31, 1117, 3167
List the prime factors of 1205144319.
3, 2161, 185893
List the prime factors of 15414903.
3, 7, 17, 37, 389
What are the prime factors of 7606607837?
109, 69785393
List the prime factors of 45899673.
3, 443, 34537
What are the prime factors of 86670908?
2, 29, 157, 4759
What are the prime factors of 1250949281?
2531, 494251
List the prime factors of 565701712.
2, 35356357
What are the prime factors of 43855079?
43855079
What are the prime factors of 1567951493?
193, 8124101
List the prime factors of 198953545.
5, 7, 5684387
List the prime factors of 46152925.
5, 7, 13, 20287
What are the prime factors of 378714043?
4639, 81637
List the prime factors of 1904045619.
3, 7, 89, 337, 3023
What are the prime factors of 106681092?
2, 3, 7, 1270013
What are the prime factors of 450175045?
5, 17, 367, 14431
What are the prime factors of 119519239?
7, 17074177
What are the prime factors of 7512297360?
2, 3, 5, 31301239
List the prime factors of 3262158406.
2, 13, 5591, 22441
List the prime factors of 265245936.
2, 3, 23, 240259
List the prime factors of 238091240.
2, 5, 5952281
What are the prime factors of 112610189?
71, 109, 14551
List the prime factors of 42094859.
277, 151967
What are the prime factors of 4831884330?
2, 3, 5, 7, 13, 17, 104113
What are the prime factors of 603580733?
7, 17, 19, 266953
List the prime factors of 61683085.
5, 419, 29443
What are the prime factors of 978359744?
2, 137, 241, 463
List the prime factors of 3837098786.
2, 23, 83415191
List the prime factors of 41947223.
41, 233, 4391
List the prime factors of 62349786.
2, 3, 71, 48787
What are the prime factors of 1746328005?
3, 5, 47, 53, 577
List the prime factors of 17907488.
2, 41, 13649
List the prime factors of 5858043700.
2, 5, 3049, 19213
List the prime factors of 377099739.
3, 59, 236723
What are the prime factors of 430661076?
2, 3, 35888423
List the prime factors of 3167835570.
2, 3, 5, 35198173
List the prime factors of 108418102.
2, 13, 1237, 3371
What are the prime factors of 327619911?
3, 211, 349, 1483
What are the prime factors of 682705379?
1889, 361411
What are the prime factors of 23141554?
2, 139, 83243
What are the prime factors of 722288185?
5, 41, 3523357
List the prime factors of 3642296973.
3, 7, 59, 2939707
What are the prime factors of 43495802?
2, 7, 229, 13567
List the prime factors of 332372014.
2, 13, 2389, 5351
What are the prime factors of 6977098580?
2, 5, 348854929
What are the prime factors of 290760370?
2, 5, 29076037
List the prime factors of 5191399176.
2, 3, 1747, 123817
What are the prime factors of 185136600?
2, 3, 5, 11, 28051
List the prime factors of 139522896.
2, 3, 968909
List the prime factors of 14525612.
2, 181, 20063
List the prime factors of 56759229.
3, 63065